Does 96 divide 18055?
False
Is 12826 a multiple of 22?
True
Is 9440 a multiple of 118?
True
Is 37488 a multiple of 88?
True
Is 94 a factor of 40455?
False
Is 7 a factor of 910?
True
Is 1847 a multiple of 43?
False
Does 58 divide 9942?
False
Is 101 a factor of 7070?
True
Is 97981 a multiple of 21?
False
Is 18 a factor of 1530?
True
Is 8 a factor of 1897?
False
Is 57 a multiple of 7?
False
Does 20 divide 3300?
True
Is 113 a multiple of 3?
False
Does 13 divide 377?
True
Does 18 divide 14004?
True
Is 153 a factor of 10471?
False
Is 3308 a multiple of 30?
False
Is 73 a factor of 910?
False
Is 6618 a multiple of 67?
False
Is 3458 a multiple of 19?
True
Is 16 a factor of 3125?
False
Does 99 divide 10981?
False
Does 268 divide 20904?
True
Is 15 a factor of 3881?
False
Is 14923 a multiple of 2?
False
Is 12 a factor of 10716?
True
Is 8 a factor of 160?
True
Does 88 divide 30448?
True
Is 19 a factor of 155?
False
Does 30 divide 9810?
True
Is 13 a factor of 20626?
False
Does 4 divide 28?
True
Does 8 divide 2344?
True
Is 4389 a multiple of 32?
False
Does 85 divide 874?
False
Is 33 a factor of 12610?
False
Is 78 a factor of 195780?
True
Is 5632 a multiple of 8?
True
Is 4 a factor of 296?
True
Is 38685 a multiple of 21?
False
Does 3 divide 4257?
True
Does 7 divide 18?
False
Is 190 a multiple of 38?
True
Is 72 a factor of 72?
True
Is 236 a factor of 8024?
True
Is 46 a factor of 1393?
False
Is 1950 a multiple of 15?
True
Does 2 divide 1224?
True
Does 20 divide 3588?
False
Is 10980 a multiple of 180?
True
Is 14 a factor of 1100?
False
Is 23 a factor of 6100?
False
Does 59 divide 16242?
False
Is 17 a factor of 18768?
True
Does 5 divide 50?
True
Does 123 divide 9963?
True
Does 82 divide 3116?
True
Does 19 divide 4541?
True
Is 52 a factor of 12116?
True
Is 44 a factor of 4585?
False
Does 9 divide 3942?
True
Does 15 divide 7032?
False
Is 4590 a multiple of 85?
True
Is 6365 a multiple of 11?
False
Is 62 a factor of 133?
False
Does 48 divide 1440?
True
Does 18 divide 540?
True
Does 42 divide 5250?
True
Does 199 divide 12243?
False
Is 23232 a multiple of 88?
True
Is 52 a factor of 53875?
False
Is 3580 a multiple of 20?
True
Is 706 a multiple of 8?
False
Is 39 a factor of 98?
False
Is 23 a factor of 89884?
True
Is 108 a factor of 6696?
True
Is 329 a multiple of 10?
False
Does 46 divide 49128?
True
Is 22 a factor of 4686?
True
Does 45 divide 1480?
False
Is 7 a factor of 841?
False
Is 86 a factor of 170?
False
Does 5 divide 53565?
True
Is 19 a factor of 1900?
True
Is 108 a factor of 6264?
True
Does 129 divide 5934?
True
Does 3 divide 207?
True
Is 5 a factor of 5?
True
Is 2 a factor of 3194?
True
Is 63 a factor of 34571?
False
Is 12768 a multiple of 24?
True
Does 27 divide 14916?
False
Does 8 divide 400?
True
Is 24621 a multiple of 11?
False
Does 25 divide 1766?
False
Is 22 a factor of 605?
False
Is 62 a factor of 1143?
False
Is 22 a factor of 8963?
False
Is 28 a factor of 50064?
True
Is 3036 a multiple of 66?
True
Is 35280 a multiple of 84?
True
Does 15 divide 1380?
True
Does 48 divide 798?
False
Does 250 divide 71750?
True
Does 93 divide 2343?
False
Does 175 divide 35007?
False
Is 21 a factor of 4320?
False
Does 40 divide 5440?
True
Does 9 divide 135?
True
Is 3153 a multiple of 5?
False
Does 12 divide 60?
True
Is 30 a factor of 5217?
False
Is 36 a factor of 468?
True
Is 10 a factor of 71400?
True
Is 14 a factor of 154?
True
Is 66652 a multiple of 22?
False
Is 12 a factor of 434?
False
Does 14 divide 15708?
True
Is 43520 a multiple of 80?
True
Is 2 a factor of 96?
True
Is 5151 a multiple of 17?
True
Is 7 a factor of 496?
False
Is 20118 a multiple of 153?
False
Is 29 a factor of 310?
False
Is 1080 a multiple of 12?
True
Is 2242 a multiple of 59?
True
Is 56 a factor of 7480?
False
Is 40 a factor of 3775?
False
Is 22 a factor of 2222?
True
Is 460 a multiple of 10?
True
Is 20 a factor of 12647?
False
Is 123 a multiple of 2?
False
Does 12 divide 111917?
False
Does 9 divide 297?
True
Does 37 divide 25715?
True
Is 34 a factor of 15470?
True
Is 30 a factor of 4336?
False
Is 47 a factor of 1272?
False
Is 53 a factor of 1072?
False
Does 91 divide 32725?
False
Is 9 a factor of 31261?
False
Is 937 a multiple of 11?
False
Does 13 divide 520?
True
Is 23 a factor of 30?
False
Is 830 a multiple of 24?
False
Does 3 divide 288?
True
Is 120 a multiple of 12?
True
Is 8 a factor of 280?
True
Is 97 a multiple of 17?
False
Does 10 divide 2459?
False
Does 13 divide 99?
False
Is 46845 a multiple of 27?
True
Does 30 divide 1433?
False
Is 392 a multiple of 14?
True
Does 33 divide 4983?
True
Does 4 divide 300?
True
Does 46 divide 283?
False
Is 22236 a multiple of 102?
True
Does 15 divide 630?
True
Is 13160 a multiple of 188?
True
Is 1832 a multiple of 24?
False
Does 9 divide 2907?
True
Is 49 a factor of 12248?
False
Is 16 a factor of 1085?
False
Does 12 divide 1536?
True
Is 29 a factor of 22649?
True
Is 96 a factor of 24960?
True
Is 2345 a multiple of 67?
True
Does 3 divide 5826?
True
Is 528 a multiple of 6?
True
Is 5 a factor of 1491?
False
Is 13194 a multiple of 14?
False
Is 488 a multiple of 61?
True
Is 3 a factor of 102?
True
Is 3166 a multiple of 72?
False
Does 196 divide 36652?
True
Does 15 divide 555?
True
Does 116 divide 4591?
False
Is 1547 a multiple of 13?
True
Does 38 divide 30476?
True
Is 966 a multiple of 42?
True
Is 16 a factor of 341?
False
Is 263 a multiple of 8?
False
Is 841 a multiple of 29?
True
Is 54 a factor of 378?
True
Is 8873 a multiple of 51?
False
Is 1836 a multiple of 12?
True
Is 81 a factor of 45201?
False
Is 2 a factor of 4665?
False
Is 13 a factor of 19?
False
Is 975 a multiple of 12?
False
Is 92 a factor of 39895?
False
Does 17 divide 204?
True
Is 28 a factor of 5180?
True
Is 150 a factor of 23850?
True
Is 21 a factor of 588?
True
Does 10 divide 16769?
False
Is 3670 a multiple of 5?
True
Is 99572 a multiple of 44?
True
Is 1931 a multiple of 33?
False
Does 51 divide 56320?
False
Is 8115 a multiple of 51?
False
Is 2574 a multiple of 33?
True
Does 56 divide 2520?
True
Is 2727 a multiple of 5?
False
Does 30 divide 360?
True
Does 117 divide 2223?
True
Does 24 divide 8400?
True
Is 2241 a multiple of 83?
True
Is 14210 a multiple of 104?
False
Is 19 a factor of 2092?
False
Does 31 divide 5766?
True
Is 11990 a multiple of 110?
True
Does 7 divide 33432?
True
Is 1326 a multiple of 17?
True
Is 5 a factor of 165?
True
Does 2 divide 1448?
True
Is 9 a factor of 594?
True
Is 10080 a multiple of 28?
True
Is 13604 a multiple of 94?
False
Is 921 a multiple of 5?
False
Does 75 divide 1500?
True
Is 24 a factor of 528?
True
Does 41 divide 35557?
False
Is 51 a factor of 18787?
False
Is 1066 a multiple of 37?
False
Does 60 divide 5035?
False
Is 19 a factor of 1273?
True
Does 118 divide 2008?
False
Is 27 a factor of 8694?
True
Is 288 a multiple of 13?
False
Does 11 divide 3047?
True
Does 15 divide 765?
True
Is 13 a factor of 75?
False
Is 66943 a multiple of 168?
False
Does 16 divide 3272?
False
Does 150 divide 13966?
False
Is 19 a factor of 2090?
True
Is 13224 a multiple of 58?
True
Is 12723 a multiple of 9?
False
Is 6 a factor of 1978?
False
Does 8 divide 525?
False
Is 59 a factor of 38468?
True
Is 2151 a multiple of 17?
False
Is 39 a factor of 1064?
False
Is 826 a multiple of 30?
False
Does 49 divide 2156?
True
Is 53 a factor of 111415?
False
Does 4 divide 184?
True
Is 26 a factor of 920?
False
Is 13 a factor of 36309?
True
Does 113 divide 82193?
False
Is 203 a factor of 22193?
False
Is 18 a factor of 242?
False
Does 10 divide 5370?
True
Is 1038 a multiple of 14?
False
Is 701 a multiple of 13?
False
Does 102 divide 67064?
False
Does 110 divide 16503?
False
Is 2 a factor of 54?
True
Does 44 divide 528?
True
Is 1768 a multiple of 15?
False
Is 4026 a multiple of 3?
True
Is 15 a factor of 1063?
False
Is 5158 a multiple of 8?
False
Is 87 a factor of 3045?
True
Is 4364 a multiple of 4?
True
Is 574 a multiple of 13?
False
Is 5 a factor of 1136?
False
Is 84 a multiple of 12?
True
Does 126 divide 33516?
True
Is 20 a factor of 1237?
False
Is 3444 a multiple of 123?
True
Does 90 divide 1350?
True
Is 27 a multiple of 2?
False
Does 70 divide 4223?
False
Is 64 a factor of 763?
False
Is 7742 a multiple of 14?
True
Is 10 a factor of 85?
False
Is 9735 a multiple of 33?
True
Is 524 a multiple of 12?
Fal